{"id":146,"date":"2011-03-12T00:07:43","date_gmt":"2011-03-12T00:07:43","guid":{"rendered":"http:\/\/arturogarciaolivera.com\/blog\/?page_id=146"},"modified":"2011-03-21T17:04:45","modified_gmt":"2011-03-21T17:04:45","slug":"politicas-de-privacidad","status":"publish","type":"page","link":"http:\/\/arturogarciaolivera.com\/blog\/politicas-de-privacidad\/","title":{"rendered":"Pol\u00edticas de privacidad"},"content":{"rendered":"<div style=\"text-align: left;\"><span style=\"border-collapse: collapse; line-height: normal; font-size: small;\"><span style=\"font-family: Verdana, Geneva, Arial, Helvetica, sans-serif;\"><strong>Pol\u00edtica de privacidad sobre su correo electr\u00f3nico<\/strong><\/span><\/span><\/div>\n<div style=\"text-align: left;\">Esta pol\u00edtica de privacidad muestra nuestro compromiso por mantener su privacidad y protecci\u00f3n de su informaci\u00f3n.<\/div>\n<div style=\"text-align: left;\"><span style=\"border-collapse: collapse; line-height: normal; font-size: small;\"><span style=\"font-family: Verdana, Geneva, Arial, Helvetica, sans-serif;\">Si recibi\u00f3 un correo electr\u00f3nico de nuestra parte, puede ser por alguna de las siguientes razones:&nbsp;<\/p>\n<ul>\n<li>(a) se ha registrado en nuestro formulario de suscripci\u00f3n para recibir informaci\u00f3n<\/li>\n<li>(b) es alumno de alg\u00fan curso<\/li>\n<li>(c) asiste o asisti\u00f3 a clases, cursos o retiros con nosotros (Yoga Dharma ,Alianza Mexicana)<\/li>\n<\/ul>\n<p><strong>Protegemos su privacidad<\/strong><\/p>\n<p>Contamos con software de calidad que brinda seguridad para proteger contra la p\u00e9rdida y el mal uso de informaci\u00f3n.<\/p>\n<p>Nunca compartiremos, venderemos o alquilaremos su informaci\u00f3n con ninguna otra persona sin su permiso previo o a menos que as\u00ed lo determine un tribunal. La informaci\u00f3n que nos es enviada s\u00f3lo se encuentra a disposici\u00f3n de los administradores de la informaci\u00f3n a fin de comunicarse con usted o de enviarle mensajes de correo electr\u00f3nico sobre la informaci\u00f3n de su inter\u00e9s.<\/p>\n<p><strong>\u00bfC\u00f3mo dejar de recibir correo electr\u00f3nico de nuestra parte?<\/strong><\/p>\n<p>Todo mensaje de correo electr\u00f3nico contiene un enlace en la parte inferior, para que de manera sencilla y automatizada pueda cancelar su registro. Si desea hacerlo, simplemente siga las instrucciones al final de cualquier mensaje de correo electr\u00f3nico.<\/p>\n<p>Si recibi\u00f3 alg\u00fan correo electr\u00f3nico no deseado \u00a0(ya sea enviado por nosotros o que aparente serlo) , s\u00edrvase reenviar dicho correo con sus comentarios a soporte@arturogarciaolivera.com para revisarlo.<\/p>\n<p><strong>Cambios de la pol\u00edtica de privacidad<\/strong><\/p>\n<p><span style=\"font-family: Verdana, Geneva, Arial, Helvetica, sans-serif;\">Esta pol\u00edtica se cre\u00f3 el 16 de Marzo de 2011.<\/span><\/p>\n<p>&nbsp;<\/p>\n<p>&nbsp;<\/p>\n<p>&nbsp;<\/p>\n<p>&nbsp;<\/p>\n<p><\/span><\/span><\/div>\n<div>\n<p style=\"text-align: center;\"><span style=\"font-size: small;\">\u00a9 Copyright 2011 arturogarciaolivera.com<\/span><\/p>\n<\/div>\n<p>&nbsp;<\/p>\n<p>&nbsp;<\/p>\n<p>&nbsp;<\/p>\n","protected":false},"excerpt":{"rendered":"<p>Pol\u00edtica de privacidad sobre su correo electr\u00f3nico Esta pol\u00edtica de privacidad muestra nuestro compromiso por mantener su privacidad y protecci\u00f3n de su informaci\u00f3n. Si recibi\u00f3 un correo electr\u00f3nico de nuestra parte, puede ser por alguna de las siguientes razones:&nbsp; (a) se ha registrado en nuestro formulario de suscripci\u00f3n para recibir informaci\u00f3n (b) es alumno de &hellip; <\/p>\n<p class=\"link-more\"><a href=\"http:\/\/arturogarciaolivera.com\/blog\/politicas-de-privacidad\/\" class=\"more-link\">Continuar leyendo<span class=\"screen-reader-text\"> \u00abPol\u00edticas de privacidad\u00bb<\/span><\/a><\/p>\n","protected":false},"author":1,"featured_media":0,"parent":0,"menu_order":0,"comment_status":"open","ping_status":"open","template":"","meta":{"footnotes":""},"class_list":["post-146","page","type-page","status-publish","hentry"],"_links":{"self":[{"href":"http:\/\/arturogarciaolivera.com\/blog\/wp-json\/wp\/v2\/pages\/146","targetHints":{"allow":["GET"]}}],"collection":[{"href":"http:\/\/arturogarciaolivera.com\/blog\/wp-json\/wp\/v2\/pages"}],"about":[{"href":"http:\/\/arturogarciaolivera.com\/blog\/wp-json\/wp\/v2\/types\/page"}],"author":[{"embeddable":true,"href":"http:\/\/arturogarciaolivera.com\/blog\/wp-json\/wp\/v2\/users\/1"}],"replies":[{"embeddable":true,"href":"http:\/\/arturogarciaolivera.com\/blog\/wp-json\/wp\/v2\/comments?post=146"}],"version-history":[{"count":8,"href":"http:\/\/arturogarciaolivera.com\/blog\/wp-json\/wp\/v2\/pages\/146\/revisions"}],"predecessor-version":[{"id":161,"href":"http:\/\/arturogarciaolivera.com\/blog\/wp-json\/wp\/v2\/pages\/146\/revisions\/161"}],"wp:attachment":[{"href":"http:\/\/arturogarciaolivera.com\/blog\/wp-json\/wp\/v2\/media?parent=146"}],"curies":[{"name":"wp","href":"https:\/\/api.w.org\/{rel}","templated":true}]}}