{"id":113,"date":"2011-03-28T00:43:51","date_gmt":"2011-03-28T00:43:51","guid":{"rendered":"http:\/\/arturogarciaolivera.com\/curso-yoga\/?page_id=113"},"modified":"2020-03-20T22:22:45","modified_gmt":"2020-03-20T22:22:45","slug":"inicio","status":"publish","type":"page","link":"https:\/\/arturogarciaolivera.com\/curso-yoga\/","title":{"rendered":"Inicio"},"content":{"rendered":"<p style=\"padding-left: 90px;\">Un completo curso que te brindar\u00e1 un entendimiento profundo de Yoga y su filosof\u00eda. Este curso consta de 14 sesiones en v\u00eddeo durante las cuales se tocan los principales temas que te dar\u00e1n un panorama completo. El crecimiento interior es alcanzable, <strong>inicia tu camino<\/strong>.<\/p>\n<p style=\"padding-left: 90px; text-align: left;\"><a href=\"https:\/\/arturogarciaolivera.com\/curso-yoga\/registro-al-curso\/\">Clic aqu\u00ed si desea registrarse en este curso.<\/a><\/p>\n<p style=\"text-align: center;\"><a href=\"https:\/\/arturogarciaolivera.com\/detalles-nivel1\/\">Entra aqu\u00ed si deseas mas informaci\u00f3n sobre el curso<\/a><\/p>\n<p style=\"padding-left: 90px; text-align: left;\"><a href=\"https:\/\/arturogarciaolivera.com\/curso-yoga\/acceso-al-curso\/\">Si ya realizo su registro, ingrese al \u00e1rea de miembros aqu\u00ed.<\/a><\/p>\n","protected":false},"excerpt":{"rendered":"<p>Un completo curso que te brindar\u00e1 un entendimiento profundo de Yoga y su filosof\u00eda. Este curso consta de 14 sesiones en v\u00eddeo durante las cuales se tocan los principales temas que te dar\u00e1n un panorama completo. El crecimiento interior es alcanzable, inicia tu camino. Clic aqu\u00ed si desea registrarse en este curso. Entra aqu\u00ed si &hellip; <\/p>\n<p class=\"link-more\"><a href=\"https:\/\/arturogarciaolivera.com\/curso-yoga\/\" class=\"more-link\">Continuar leyendo<span class=\"screen-reader-text\"> \u00abInicio\u00bb<\/span><\/a><\/p>\n","protected":false},"author":1,"featured_media":0,"parent":0,"menu_order":0,"comment_status":"closed","ping_status":"closed","template":"","meta":{"footnotes":""},"class_list":["post-113","page","type-page","status-publish","hentry"],"_links":{"self":[{"href":"https:\/\/arturogarciaolivera.com\/curso-yoga\/wp-json\/wp\/v2\/pages\/113","targetHints":{"allow":["GET"]}}],"collection":[{"href":"https:\/\/arturogarciaolivera.com\/curso-yoga\/wp-json\/wp\/v2\/pages"}],"about":[{"href":"https:\/\/arturogarciaolivera.com\/curso-yoga\/wp-json\/wp\/v2\/types\/page"}],"author":[{"embeddable":true,"href":"https:\/\/arturogarciaolivera.com\/curso-yoga\/wp-json\/wp\/v2\/users\/1"}],"replies":[{"embeddable":true,"href":"https:\/\/arturogarciaolivera.com\/curso-yoga\/wp-json\/wp\/v2\/comments?post=113"}],"version-history":[{"count":7,"href":"https:\/\/arturogarciaolivera.com\/curso-yoga\/wp-json\/wp\/v2\/pages\/113\/revisions"}],"predecessor-version":[{"id":866,"href":"https:\/\/arturogarciaolivera.com\/curso-yoga\/wp-json\/wp\/v2\/pages\/113\/revisions\/866"}],"wp:attachment":[{"href":"https:\/\/arturogarciaolivera.com\/curso-yoga\/wp-json\/wp\/v2\/media?parent=113"}],"curies":[{"name":"wp","href":"https:\/\/api.w.org\/{rel}","templated":true}]}}