{"id":3277,"date":"2024-08-04T02:44:28","date_gmt":"2024-08-04T02:44:28","guid":{"rendered":"https:\/\/arturogarciaolivera.com\/formacion-yoga\/?post_type=product&#038;p=3277"},"modified":"2024-08-04T16:38:12","modified_gmt":"2024-08-04T16:38:12","slug":"instructor-de-clases-de-yoga-modulo-8","status":"publish","type":"product","link":"https:\/\/arturogarciaolivera.com\/formacion-yoga\/producto\/instructor-de-clases-de-yoga-modulo-8\/","title":{"rendered":"Instructor de Clases de Yoga \u2013 M\u00f3dulo 8"},"content":{"rendered":"<p>Mes 8 de la tercera etapa del proceso de formaci\u00f3n de Instructores de Yoga en esta plataforma.<\/p>\n<p>La \u00e9tapa de Instructor de Clase de Yoga tiene duraci\u00f3n de 10 meses.<\/p>\n<p>Durante este tercera etapa podr\u00e1s profundizar en la planeaci\u00f3n de clases, as\u00ed como en aspectos sutiles tales como mudras, mantras, chakras y meditac\u00f3n, enfocando la ense\u00f1anza de Yoga como un proceso gradual en el que practicantes van profundizando poco a poco en este hermoso sendero.<\/p>\n","protected":false},"excerpt":{"rendered":"<p>Mes 8 de la tercera etapa del curso de Formaci\u00f3n de Instructores de Yoga.<\/p>\n","protected":false},"featured_media":3278,"comment_status":"closed","ping_status":"closed","template":"","meta":{"site-sidebar-layout":"default","site-content-layout":"default","ast-site-content-layout":"default","site-content-style":"default","site-sidebar-style":"default","ast-global-header-display":"","ast-banner-title-visibility":"","ast-main-header-display":"","ast-hfb-above-header-display":"","ast-hfb-below-header-display":"","ast-hfb-mobile-header-display":"","site-post-title":"","ast-breadcrumbs-content":"","ast-featured-img":"","footer-sml-layout":"","ast-disable-related-posts":"","theme-transparent-header-meta":"default","adv-header-id-meta":"","stick-header-meta":"","header-above-stick-meta":"","header-main-stick-meta":"","header-below-stick-meta":"","astra-migrate-meta-layouts":"set","ast-page-background-enabled":"default","ast-page-background-meta":{"desktop":{"background-color":"var(--ast-global-color-4)","background-image":"","background-repeat":"repeat","background-position":"center center","background-size":"auto","background-attachment":"scroll","background-type":"","background-media":"","overlay-type":"","overlay-color":"","overlay-opacity":"","overlay-gradient":""},"tablet":{"background-color":"","background-image":"","background-repeat":"repeat","background-position":"center center","background-size":"auto","background-attachment":"scroll","background-type":"","background-media":"","overlay-type":"","overlay-color":"","overlay-opacity":"","overlay-gradient":""},"mobile":{"background-color":"","background-image":"","background-repeat":"repeat","background-position":"center center","background-size":"auto","background-attachment":"scroll","background-type":"","background-media":"","overlay-type":"","overlay-color":"","overlay-opacity":"","overlay-gradient":""}},"ast-content-background-meta":{"desktop":{"background-color":"var(--ast-global-color-5)","background-image":"","background-repeat":"repeat","background-position":"center center","background-size":"auto","background-attachment":"scroll","background-type":"","background-media":"","overlay-type":"","overlay-color":"","overlay-opacity":"","overlay-gradient":""},"tablet":{"background-color":"var(--ast-global-color-5)","background-image":"","background-repeat":"repeat","background-position":"center center","background-size":"auto","background-attachment":"scroll","background-type":"","background-media":"","overlay-type":"","overlay-color":"","overlay-opacity":"","overlay-gradient":""},"mobile":{"background-color":"var(--ast-global-color-5)","background-image":"","background-repeat":"repeat","background-position":"center center","background-size":"auto","background-attachment":"scroll","background-type":"","background-media":"","overlay-type":"","overlay-color":"","overlay-opacity":"","overlay-gradient":""}}},"product_brand":[],"product_cat":[28],"product_tag":[],"class_list":{"0":"post-3277","1":"product","2":"type-product","3":"status-publish","4":"has-post-thumbnail","6":"product_cat-instructor","7":"desktop-align-left","8":"tablet-align-left","9":"mobile-align-left","11":"first","12":"instock","13":"virtual","14":"sold-individually","15":"purchasable","16":"product-type-simple"},"_links":{"self":[{"href":"https:\/\/arturogarciaolivera.com\/formacion-yoga\/wp-json\/wp\/v2\/product\/3277","targetHints":{"allow":["GET"]}}],"collection":[{"href":"https:\/\/arturogarciaolivera.com\/formacion-yoga\/wp-json\/wp\/v2\/product"}],"about":[{"href":"https:\/\/arturogarciaolivera.com\/formacion-yoga\/wp-json\/wp\/v2\/types\/product"}],"replies":[{"embeddable":true,"href":"https:\/\/arturogarciaolivera.com\/formacion-yoga\/wp-json\/wp\/v2\/comments?post=3277"}],"wp:featuredmedia":[{"embeddable":true,"href":"https:\/\/arturogarciaolivera.com\/formacion-yoga\/wp-json\/wp\/v2\/media\/3278"}],"wp:attachment":[{"href":"https:\/\/arturogarciaolivera.com\/formacion-yoga\/wp-json\/wp\/v2\/media?parent=3277"}],"wp:term":[{"taxonomy":"product_brand","embeddable":true,"href":"https:\/\/arturogarciaolivera.com\/formacion-yoga\/wp-json\/wp\/v2\/product_brand?post=3277"},{"taxonomy":"product_cat","embeddable":true,"href":"https:\/\/arturogarciaolivera.com\/formacion-yoga\/wp-json\/wp\/v2\/product_cat?post=3277"},{"taxonomy":"product_tag","embeddable":true,"href":"https:\/\/arturogarciaolivera.com\/formacion-yoga\/wp-json\/wp\/v2\/product_tag?post=3277"}],"curies":[{"name":"wp","href":"https:\/\/api.w.org\/{rel}","templated":true}]}}